 14267160?
False
Does 34 divide 561751705?
False
Is 17155215 a multiple of 495?
True
Is 43 a factor of 261503778?
False
Is 63 a factor of 38430?
True
Does 16 divide 540665455?
False
Does 234 divide 10211797?
False
Does 59 divide 325744074?
True
Is 447 a factor of 301180237?
False
Is 2219 a factor of 114346672?
False
Is 9 a factor of 59213538?
True
Is 4334998 a multiple of 214?
True
Is 107 a factor of 1117463988?
False
Does 5002 divide 762393308?
False
Is 909 a factor of 260849367?
True
Does 5 divide 203655659?
False
Is 219269213 a multiple of 30?
False
Is 120479898 a multiple of 162?
False
Is 22 a factor of 25525478?
True
Is 4800802929 a multiple of 13?
True
Does 38 divide 271548207?
False
Is 468 a factor of 4522752?
True
Is 14865084 a multiple of 26?
True
Does 4651 divide 343972093?
False
Is 441 a factor of 36746144?
False
Is 88738436 a multiple of 40?
False
Does 1020 divide 239164151?
False
Is 145 a factor of 24205443?
False
Is 40053727 a multiple of 94?
False
Is 1378335 a multiple of 387?
False
Does 120 divide 150470760?
True
Is 92974784 a multiple of 1264?
True
Is 145885893 a multiple of 15?
False
Is 68081265 a multiple of 69?
True
Is 1513548049 a multiple of 13?
True
Is 5194574582 a multiple of 29?
False
Does 607 divide 75207907?
True
Is 1006694635 a multiple of 59?
False
Does 2165 divide 55744420?
True
Does 36 divide 3986850?
False
Is 7994840 a multiple of 591?
False
Is 15361598 a multiple of 32?
False
Does 1604 divide 31892332?
True
Does 70 divide 19654187?
False
Is 169 a factor of 10688236?
True
Is 3463 a factor of 58843296?
True
Does 4 divide 93174132?
True
Does 453 divide 155451933?
True
Is 13512218 a multiple of 31?
True
Is 186 a factor of 422334390?
True
Is 85861824 a multiple of 16?
True
Is 416626074 a multiple of 16?
False
Is 499435692 a multiple of 3836?
True
Is 56 a factor of 5300288?
True
Is 86 a factor of 425728638?
True
Is 47602024 a multiple of 6?
False
Is 290 a factor of 382166350?
True
Does 137 divide 7677069?
True
Is 8 a factor of 10814398?
False
Is 57 a factor of 54208642?
False
Does 6648 divide 665638795?
False
Is 6532270 a multiple of 5?
True
Does 2118 divide 2853882156?
True
Is 12370097 a multiple of 2765?
False
Is 225005591 a multiple of 83?
False
Does 1592 divide 41648442?
False
Is 99889605 a multiple of 135?
True
Is 1278158850 a multiple of 75?
True
Is 150 a factor of 143819250?
True
Is 89562290 a multiple of 34?
True
Is 4 a factor of 1457982176?
True
Is 14448447 a multiple of 117?
True
Does 61 divide 5265000402?
True
Is 1413484813 a multiple of 86?
False
Does 63 divide 536694577?
False
Does 3 divide 7395320?
False
Is 219427492 a multiple of 2603?
False
Is 922 a factor of 233495578?
True
Does 646 divide 34645062?
False
Does 160 divide 42958431?
False
Does 17 divide 22258049?
True
Is 1628676558 a multiple of 4041?
True
Is 325691634 a multiple of 16?
False
Is 5720 a factor of 3631346151?
False
Does 166 divide 577461653?
False
Is 28810012 a multiple of 7?
True
Does 484 divide 290194514?
False
Does 3720 divide 21622290?
False
Does 19 divide 181186469?
False
Is 683 a factor of 59412121?
True
Does 167 divide 597785552?
False
Does 19 divide 94132175?
True
Is 1181 a factor of 676633873?
True
Is 882894149 a multiple of 12343?
False
Does 376 divide 18807144?
True
Is 12 a factor of 73480452?
True
Does 27 divide 22141485?
True
Is 32 a factor of 496094167?
False
Does 20 divide 2153676098?
False
Is 386914696 a multiple of 28?
True
Does 27 divide 215823474?
True
Is 181800550 a multiple of 19?
True
Does 62 divide 1076243182?
True
Is 204 a factor of 45202863?
False
Is 1363481205 a multiple of 7635?
True
Does 1978 divide 1260352816?
False
Is 86948424 a multiple of 4?
True
Is 75812140 a multiple of 460?
True
Is 1106 a factor of 1060272370?
False
Does 64 divide 16953837?
False
Is 1112829102 a multiple of 368?
False
Is 250902846 a multiple of 81?
True
Is 7 a factor of 238583408?
True
Does 893 divide 12748828?
False
Does 14 divide 1736864318?
True
Is 497 a factor of 582800092?
True
Is 16 a factor of 48457416?
False
Is 861574488 a multiple of 344?
True
Does 1292 divide 110119744?
True
Is 38 a factor of 32201352?
True
Is 57 a factor of 165332034?
True
Is 7564950 a multiple of 31?
False
Does 46 divide 78285560?
True
Does 204 divide 89071908?
True
Is 1443231983 a multiple of 17?
True
Does 431 divide 30427307?
True
Is 1427569453 a multiple of 419?
True
Is 895 a factor of 176953001?
False
Is 7569282 a multiple of 42?
True
Does 817 divide 12826083?
True
Is 1186 a factor of 34346368?
False
Is 183 a factor of 30903393?
True
Is 62068519 a multiple of 16?
False
Does 139 divide 24195559?
False
Does 1306 divide 160090786?
True
Does 78 divide 5257746?
True
Is 692 a factor of 104151536?
True
Is 357762015 a multiple of 405?
True
Is 9 a factor of 364115781?
True
Is 375890572 a multiple of 686?
False
Is 1834291185 a multiple of 5965?
True
Is 539498388 a multiple of 12?
True
Does 3908 divide 1249828071?
False
Does 51 divide 149991819?
False
Is 522 a factor of 20854944?
True
Is 44026006 a multiple of 2683?
False
Is 1480 a factor of 161230539?
False
Does 354 divide 5877476?
False
Is 64707681 a multiple of 34?
False
Does 115 divide 262984661?
False
Is 444578610 a multiple of 14?
True
Is 2998 a factor of 128572312?
False
Is 388 a factor of 2253274220?
False
Does 3709 divide 269953372?
False
Is 1769 a factor of 91933161?
True
Is 647 a factor of 386312054?
True
Is 195 a factor of 7248297?
False
Does 1026 divide 14977548?
True
Is 551353500 a multiple of 108?
True
Is 1316788550 a multiple of 1829?
True
Is 2940 a factor of 65822165?
False
Is 7274 a factor of 1421371788?
False
Is 260074100 a multiple of 286?
True
Does 188 divide 1717466881?
False
Does 56 divide 18196024?
True
Is 512224098 a multiple of 1873?
False
Is 183501084 a multiple of 3084?
True
Is 80 a factor of 7260320?
True
Is 63079240 a multiple of 284?
True
Is 192868683 a multiple of 743?
True
Is 49752961 a multiple of 248?
False
Does 18 divide 2062490?
False
Is 54 a factor of 452404386?
True
Is 16 a factor of 157685611?
False
Does 2150 divide 852913600?
True
Is 2312 a factor of 51927237?
False
Is 273 a factor of 5492167344?
False
Is 4 a factor of 40885342?
False
Does 2143 divide 49326940?
False
Is 18 a factor of 26303346?
True
Does 957 divide 26183520?
True
Is 98 a factor of 921698624?
True
Does 3867 divide 387353523?
True
Does 82 divide 1207313026?
False
Is 434 a factor of 8015111?
False
Is 354232368 a multiple of 3843?
True
Is 3 a factor of 16390248?
True
Is 2029 a factor of 490218574?
True
Is 4428562917 a multiple of 5628?
False
Does 3707 divide 129824368?
False
Does 82 divide 39696402?
False
Does 598 divide 57518277?
False
Is 80881240 a multiple of 2?
True
Is 676244169 a multiple of 9?
True
Does 149 divide 936773208?
False
Is 49114780 a multiple of 110?
True
Is 2515839120 a multiple of 242?
False
Is 28375992 a multiple of 408?
True
Is 16423886 a multiple of 323?
False
Does 120 divide 1811605904?
False
Does 9 divide 434583?
True
Is 782261437 a multiple of 6?
False
Is 20 a factor of 7863220?
True
Does 1706 divide 290574450?
True
Is 7293249 a multiple of 15?
False
Is 2718779 a multiple of 932?
False
Is 7 a factor of 1717771425?
False
Is 489838608 a multiple of 42?
True
Is 21 a factor of 4653492?
False
Is 2633 a factor of 370626926?
False
Is 7 a factor of 822239?
False
Is 14 a factor of 71349012?
True
Is 45 a factor of 37421950?
False
Is 32607571 a multiple of 74?
False
Does 9 divide 731678185?
False
Is 209 a factor of 2922612?
False
Is 4377 a factor of 1537880835?
True
Does 195 divide 1631634225?
True
Is 102 a factor of 53861542?
False
Is 644041360 a multiple of 2420?
False
Is 15 a factor of 32235685?
False
Is 6 a factor of 1466505228?
True
Is 19 a factor of 383321979?
True
Is 375113946 a multiple of 1361?
False
Is 305 a factor of 76260730?
False
Is 6025640 a multiple of 1723?
False
Is 32 a factor of 2676386744?
False
Does 75 divide 1220433927?
False
Is 217 a factor of 125310773?
True
Is 169288227 a multiple of 981?
True
Does 1244 divide 410810790?
False
Is 83 a factor of 1483562584?
True
Does 850 divide 8243623?
False
Is 14 a factor of 2558158838?
False
Does 95 divide 8944574?
False
Is 35 a factor of 88545729?
False
Is 3119 a factor of 814533624?
False
Is 4 a factor of 79306428?
True
Is 21 a fac